by 73.
19
What is the remainder when 11176 is divided by 19?
4
What is the remainder when 38970 is divided by 9741?
6
Calculate the remainder when 5435 is divided by 5113.
322
Calculate the remainder when 381135 is divided by 9.
3
What is the remainder when 420 is divided by 89?
64
Calculate the remainder when 4344 is divided by 7.
4
What is the remainder when 527377 is divided by 115?
102
Calculate the remainder when 622166 is divided by 301.
300
What is the remainder when 177583 is divided by 19?
9
What is the remainder when 3025 is divided by 300?
25
What is the remainder when 461 is divided by 205?
51
Calculate the remainder when 30859 is divided by 2604.
2215
What is the remainder when 9361 is divided by 16?
1
What is the remainder when 12932 is divided by 33?
29
Calculate the remainder when 144058 is divided by 8003.
4
Calculate the remainder when 1985 is divided by 656.
17
What is the remainder when 1018 is divided by 18?
10
What is the remainder when 10563 is divided by 302?
295
Calculate the remainder when 9729 is divided by 294.
27
What is the remainder when 3825 is divided by 858?
393
Calculate the remainder when 8090729 is divided by 26.
23
What is the remainder when 292329 is divided by 1?
0
What is the remainder when 1206291 is divided by 82?
71
Calculate the remainder when 2219 is divided by 1116.
1103
What is the remainder when 132564 is divided by 44058?
390
Calculate the remainder when 6959 is divided by 434.
15
What is the remainder when 47056 is divided by 2941?
0
What is the remainder when 183535 is divided by 28?
23
Calculate the remainder when 5855 is divided by 84.
59
What is the remainder when 15947 is divided by 153?
35
Calculate the remainder when 28134 is divided by 84.
78
Calculate the remainder when 97676 is divided by 132.
128
What is the remainder when 137727 is divided by 8?
7
Calculate the remainder when 64123 is divided by 641.
23
Calculate the remainder when 138906 is divided by 22.
20
What is the remainder when 1116 is divided by 72?
36
Calculate the remainder when 2691 is divided by 387.
369
What is the remainder when 3090 is divided by 950?
240
Calculate the remainder when 22083 is divided by 7338.
69
What is the remainder when 77567 is divided by 303?
302
What is the remainder when 133040 is divided by 31?
19
Calculate the remainder when 45123 is divided by 1188.
1167
Calculate the remainder when 8748 is divided by 11.
3
Calculate the remainder when 18520 is divided by 218.
208
What is the remainder when 10522 is divided by 245?
232
Calculate the remainder when 106462 is divided by 94.
54
What is the remainder when 3467 is divided by 14?
9
Calculate the remainder when 133181 is divided by 744.
5
Calculate the remainder when 496 is divided by 230.
36
Calculate the remainder when 21314 is divided by 647.
610
Calculate the remainder when 2817 is divided by 502.
307
What is the remainder when 2010299 is divided by 300?
299
Calculate the remainder when 4734 is divided by 145.
94
What is the remainder when 13397 is divided by 230?
57
Calculate the remainder when 145725 is divided by 288.
285
What is the remainder when 24297 is divided by 62?
55
What is the remainder when 150621 is divided by 75296?
29
Calculate the remainder when 2078 is divided by 233.
214
What is the remainder when 92718 is divided by 31?
28
Calculate the remainder when 153709 is divided by 57.
37
Calculate the remainder when 157905 is divided by 12146.
7
What is the remainder when 256445 is divided by 251?
174
Calculate the remainder when 27174 is divided by 832.
550
Calculate the remainder when 21834 is divided by 78.
72
What is the remainder when 122010 is divided by 52?
18
Calculate the remainder when 330904 is divided by 70.
14
Calculate the remainder when 121457 is divided by 62.
61
Calculate the remainder when 1748 is divided by 351.
344
Calculate the remainder when 85029 is divided by 28340.
9
Calculate the remainder when 65872 is divided by 21.
16
Calculate the remainder when 2268 is divided by 714.
126
Calculate the remainder when 5199 is divided by 1100.
799
What is the remainder when 19544 is divided by 3137?
722
Calculate the remainder when 2660 is divided by 198.
86
Calculate the remainder when 4262 is divided by 1803.
656
Calculate the remainder when 11795 is divided by 186.
77
Calculate the remainder when 35897 is divided by 5969.
83
What is the remainder when 5808 is divided by 23?
12
Calculate the remainder when 406 is divided by 74.
36
What is the remainder when 1476735 is divided by 414?
411
What is the remainder when 2645 is divided by 698?
551
Calculate the remainder when 1667 is divided by 1640.
27
Calculate the remainder when 11908 is divided by 595.
8
Calculate the remainder when 8582 is divided by 86.
68
What is the remainder when 77633 is divided by 52?
49
What is the remainder when 634403 is divided by 5?
3
Calculate the remainder when 706326 is divided by 327.
6
Calculate the remainder when 80367 is divided by 1709.
44
Calculate the remainder when 226855 is divided by 113425.
5
What is the remainder when 849 is divided by 287?
275
Calculate the remainder when 70109 is divided by 171.
170
Calculate the remainder when 1574 is divided by 164.
98
Calculate the remainder when 6960 is divided by 24.
0
Calculate the remainder when 11018 is divided by 38.
36
Calculate the remainder when 39927 is divided by 14.
13
What is the remainder when 12994 is divided by 36?
34
Calculate the remainder when 9432 is divided by 225.
207
Calculate the remainder when 42279 is divided by 1759.
63
Calculate the remainder when 3630 is divided by 71.
9
Calculate the remainder when 2928 is divided by 490.
478
Calculate the remainder when 170336 is divided by 7.
5
Calculate the remainder when 969 is divided by 58.
41
What is the remainder when 1423 is divided by 178?
177
Calculate the remainder when 1395 is divided by 280.
275
What is the remainder when 290238 is divided by 8?
6
Calculate the remainder when 7224 is divided by 2405.
9
Calculate the remainder when 125489 is divided by 62723.
43
What is the remainder when 27773 is divided by 13777?
219
What is the remainder when 34357 is divided by 96?
85
Calculate the remainder when 3393 is divided by 344.
297
What is the remainder when 56667 is divided by 9?
3
What is the remainder when 133 is divided by 21?
7
What is the remainder when 55467 is divided by 43?
40
What is the remainder when 576871 is divided by 22187?
9
Calculate the remainder when 16071 is divided by 201.
192
Calculate the remainder when 312750 is divided by 1384.
1350
Calculate the remainder when 299925 is divided by 3157.
10
Calculate the remainder when 6700 is divided by 9.
4
What is the remainder when 10716 is divided by 10?
6
Calculate the remainder when 27469 is divided by 2023.
1170
Calculate the remainder when 21270 is divided by 7087.
9
What is the remainder when 1692802 is divided by 179?
178
What is the remainder when 71105 is divided by 58?
55
Calculate the remainder when 296073 is divided by 44.
41
What is the remainder when 4232656 is divided by 24?
16
What is the remainder when 249 is divided by 189?
60
Calculate the remainder when 63006 is divided by 8.
6
Calculate the remainder when 16417 is divided by 16.
1
Calculate the remainder when 483905 is divided by 446.
441
Calculate the remainder when 53948 is divided by 30.
8
What is the remainder when 13824 is divided by 812?
20
What is the remainder when 3483 is divided by 1736?
11
Calculate the remainder when 33759 is divided by 212.
51
Calculate the remainder when 5833 is divided by 6.
1
What is the remainder when 4658 is divided by 79?
76
What is the remainder when 64 is divided by 21?
1
Calculate the remainder when 24280 is divided by 6.
4
Calculate the remainder when 700403 is divided by 98.
95
Calculate the remainder when 17742 is divided by 313.
214
Calculate the remainder when 153029 is divided by 51008.
5
What is the remainder when 66353 is divided by 2751?
329
Calculate the remainder when 15777 is divided by 322.
321
Calculate the remainder when 392709 is divided by 110.
9
What is the remainder when 8004 is divided by 3979?
46
Calculate the remainder when 4743 is divided by 129.
99
Calculate the remainder when 2007033 is divided by 1132.
1129
Calcula